 c be d(r). Let y(j) = -j**3 + j**2 + j - 1. What is y(c)?
-3
Let t(n) = 4*n - 13 + n**2 + 2 + 6. Let p(m) = -m**3 + m - 4. Let g be p(0). Calculate t(g).
-5
Let a(s) = -s**3 - 7*s**2 + s + 9. Let p(d) = -d**3 + d. Let u(q) = a(q) - 2*p(q). Give u(7).
2
Let l(x) = -x**3 + 5*x**2 - 4*x. Let i be 2*2/4*-2. Let z be (5 + -13)/(1*i). Give l(z).
0
Suppose 3*x = -2*l + 6, -l = -3*x - 3 - 0. Let g(w) = w**2 + w - 15. What is g(x)?
-15
Suppose -2*v + 85 = 2*v + 5*s, -5*v - 2*s = -119. Suppose 0 = 5*g + v + 5. Let b(d) = -3*d - 7. Calculate b(g).
11
Let h(v) be the second derivative of -2*v**3/3 + 27*v. Calculate h(2).
-8
Suppose 2*b = -4*w - 12, -b - 14 = 3*b - 2*w. Let y(i) be the third derivative of i**6/120 + i**5/20 - i**4/6 - 5*i**3/6 - i**2. Give y(b).
-5
Let j(v) be the second derivative of -v**5/20 - 5*v**4/12 - v**3/2 + 2*v**2 + v. Determine j(-3).
-5
Let f(s) = 9*s**3 - 8*s**2 - 2*s - 9. Let z(h) = 5*h**3 - 4*h**2 - h - 5. Let x(a) = -6*f(a) + 11*z(a). Give x(-4).
-5
Let v(w) be the first derivative of w**3 - w**2 - w - 2. Suppose 3*i - 7 = -2*a, -2*a + 5*i - 21 = -4. Give v(a).
4
Let p(i) be the first derivative of i**4/4 + 8*i**3/3 + 3*i**2 - i + 20. Calculate p(-7).
6
Suppose 12 = 2*v + v. Suppose d + b + 6 = -3*d, 0 = -d - v*b - 9. Let y be (d/(-2) - 1)*-2. Let o(c) = -7*c**2 + 2*c - 1. Determine o(y).
-6
Let q(s) = -7*s**2 + s + 2. Let y be q(-1). Let d(g) = 4 + g - 4. Calculate d(y).
-6
Let n(w) = 2*w - 8. Let d = -36 + 42. Calculate n(d).
4
Let q(i) = -4*i**2 + 11*i + 3. Let c(r) = -5*r**2 + 13*r + 4. Let z(a) = -3*c(a) + 4*q(a). Give z(5).
0
Let y be (18/(-36)*(-1 + 1))/(-2). Let o(n) be the second derivative of n**3/6 + 7*n**2/2 + n. Determine o(y).
7
Let n(w) = 2*w + 2. Let i(z) = z - 1. Let s = 17 + -13. Let d(k) = s*i(k) - n(k). Give d(6).
6
Let n(x) = -87 + 0*x + 2*x + 84. Give n(3).
3
Let l(g) = g**2 - g. Let h(y) = -7*y**2 + 8*y - 1. Let d(q) = -h(q) - 6*l(q). Give d(1).
0
Suppose 0 = -5*p + 27 + 23. Let y = -5 + p. Let f(x) be the second derivative of x**3/6 - 5*x**2/2 - x. What is f(y)?
0
Suppose 4*v = 12, 2*y - v = -2*y + 9. Let a(f) = y*f**2 + 2 - 2. Give a(-1).
3
Let z(t) = -4 - 3*t**3 + 2*t**3 + 3 + 3. What is z(2)?
-6
Let w(j) = 6*j**3 - 12*j**2 - 15*j + 9. Let d(l) = -l**3 + l**2 + 2*l. Let u(p) = 5*d(p) + w(p). Give u(7).
-26
Let q(a) = -a**2 + 6*a. Suppose 0*h - 5*l - 16 = 3*h, 5*h + 2*l - 5 = 0. Determine q(h).
9
Let w(j) = -j**2 - 14*j + 19. Let q be w(-15). Let s(h) = 12 + h - 7 - q*h**2 - 6*h + h**3. Give s(5).
5
Let g(x) be the second derivative of -x**5/20 + x**4/6 + x**2/2 + 2*x. Let u(d) = -d + 19. Let m be u(16). What is g(m)?
-8
Let a be 9*(16/(-6))/(-4). Let j = a - 6. Let x(z) = -z**3 + z**2 - z - 2. Determine x(j).
-2
Let o(p) be the first derivative of -7/24*p**4 + 0*p**2 - 1/120*p**5 + 0*p - 1/3*p**3 - 1. Let u(z) be the third derivative of o(z). Calculate u(-5).
-2
Let x(h) = 2 + 1 - 5 + 1 + 10*h**2. Give x(-1).
9
Let i = 6 - -2. Suppose i*x = 3*x. Let z(t) = t**3 + t**2 + t + 7. Calculate z(x).
7
Let x(f) = f**3 - 6*f**2 - 14*f + 2. Let a(i) = i**3 - 6*i**2 - 15*i + 1. Let r(o) = 5*a(o) - 6*x(o). Give r(7).
7
Let s(i) = -3*i**2 - i + 9. Let z(b) = b**2 + b - 4. Let x = -5 - -8. Let u(h) = x*s(h) + 7*z(h). Calculate u(3).
-7
Let t = 8 + -6. Let p(z) = 3*z**2 - 4*z + z**3 - 4 - 4 - 8*z**t. Determine p(6).
4
Let v(c) be the second derivative of -c**4/12 - 2*c**3/3 + c**2/2 + 12*c. Calculate v(-5).
-4
Let h(j) = -j**2 - 17*j + 55. Let p be h(-20). Let w(x) = -x + 2. Give w(p).
7
Let p = -1 + 8. Suppose 2*z - p*z = 10. Let n(q) = q**2 - q - 2. Calculate n(z).
4
Let q(o) = -o. Suppose 5*m + 23 = 3*g, -5*g = -m - 6 - 3. Let a be (-2 - (g - 2))*-2. Give q(a).
-2
Let v(p) = -p**3 + 8*p**2 - 6*p - 1. Suppose -2*m + 4*y = 10, -40 = 2*m + 2*y - 0*y. Let j be (21/m)/(2/(-10)). What is v(j)?
6
Let g(n) = n. Let u be g(-1). Let q(f) = 3*f**3 - f**2 + 5*f - 4. Let v(a) = -a**3 + a**2. Let y(m) = u*q(m) - 4*v(m). Let l be (2*-1)/((-1)/2). Determine y(l).
0
Let y(j) = 7*j + 4. Let z(a) = -15*a - 7. Let f(q) = -13*y(q) - 6*z(q). Let x be 1 - (-1)/2*-14. What is f(x)?
-4
Let w(s) = 2*s + 2. Let g(x) = x - 4 - 2*x + 2*x. Suppose -h - 4*h = 0. Let j be g(h). Determine w(j).
-6
Let a(d) = d**3 - 18*d**2 - 17*d - 35. Let t be a(19). Let i(c) = 3*c**2 - 4*c - c + 3*c - 2*c. What is i(t)?
15
Let a(d) = d**3 - d**2 - 3*d + 2. Let w be a(2). Let h(n) be the third derivative of -n**6/120 - n**5/60 + n**4/24 - n**3/6 - 21*n**2. What is h(w)?
-1
Let x be -1*(-2 + (-5 - -8)). Let u(m) = m. Calculate u(x).
-1
Suppose h + 2*h - 3*f - 9 = 0, 5*h - 15 = 2*f. Let v(d) = -h + 4 + 4*d + 0 + 4. What is v(-4)?
-11
Let h(p) = 2*p**2 - 3*p - 2. Suppose x - 2*x = -3. What is h(x)?
7
Let s(b) = b + 1. Let z = 1 + -2. Let c(k) = 0*k - 3*k**2 + 2*k + 5*k**2 - k**2. Let t be c(z). Give s(t).
0
Let n(j) = j + 6. Let b be n(-6). Let x(s) = -s + 4 - 3 + b*s + 2*s. Determine x(4).
5
Let q(a) = a**3 + 2*a**2 - 2*a - 3. Suppose -3*b + 8 - 3 = -z, 2*z + 2*b = 14. Suppose 4 = 6*n - z*n. Let y(k) = -k**3 + 4*k - 3. Let u be y(n). Calculate q(u).
-6
Let b = -5 - -8. Suppose 3*x = -2*x + z - 33, -x = z + b. Let w(u) be the third derivative of u**4/24 + 7*u**3/6 - u**2. Determine w(x).
1
Let g(l) = 2*l - 7. Let h(w) = -w + 1. Let n(x) = -g(x) - 3*h(x). Suppose -2*q = -q - 7. What is n(q)?
11
Suppose -52*y = -55*y + 12. Let z(q) = -4*q + 2 + 2*q + q. Calculate z(y).
-2
Suppose -3*s + 5*q + 34 = 0, 5*q - 8 = -2*s + q. Suppose 2*d - s = -3*v, -5*v = 4*d - 6 - 8. Let a(z) = -z. Calculate a(v).
-2
Let s(u) = 3*u + 3. Let t be s(-2). Let f = -5 - t. Let r(y) = 67 - 65 + 0*y + 4*y. What is r(f)?
-6
Let o(f) = 4*f**2 - 6*f - 3. Let h(n) = -3*n**2 + 6*n + 3. Let s(b) = -3*h(b) - 2*o(b). Let x = 5 + 0. What is s(x)?
-8
Let f(b) = -b**3 + 4*b - 3. Let s be f(2). Let l(k) = -5*k - 5*k**2 + 4*k**2 + 0*k + 2*k. Determine l(s).
0
Suppose f = -2*f - 12. Let w(b) = b + 6. Let o(j) = -j - 7. Let s(x) = -2*o(x) - 3*w(x). What is s(f)?
0
Let i(j) = j**3 + 8*j**2 + 7*j - 5. Let h be (61/(-7) - (-6)/(-21)) + 2. Calculate i(h).
-5
Let x(y) = -y**2 - 3*y + 1. Suppose -2*i + 0 = 8. What is x(i)?
-3
Let r(i) = -4*i**3 - 2*i**2 + 2*i - 1. Let s = 0 - 0. Let j = 2 + s. Suppose -4*m + j = -2*m. Determine r(m).
-5
Let o(c) = -c**3 - 2*c**2 - c. Let q be o(-1). Suppose q = 5*l + 11 + 4. Let i(h) = h**2 + h - 3. Determine i(l).
3
Let h(f) be the first derivative of 13*f**3/3 + 10*f**2 + 11*f + 2. Let x(o) = -3*o**2 - 5*o - 3. Let c(y) = 2*h(y) + 9*x(y). Let m = -43 - -39. What is c(m)?
-1
Let c = -21 + 34. Let k = c - 8. Let j(y) = -y**3 + 4*y**2 + 3*y + 5. What is j(k)?
-5
Let t(s) = -s**3 - 5*s**2 - 5*s - 3. Let a = -7 + 4. Determine t(a).
-6
Let b = 3 + 1. Let u(x) = -b - x + 2 + 1 + 0*x**2 + x**2. Calculate u(0).
-1
Let x(i) be the third derivative of i**4/24 - 3*i**3/2 + 30*i**2. Determine x(4).
-5
Let i(j) be the first derivative of -2/3*j**3 - 1/6*j**4 + 1 + 0*j**2 - 1/120*j**5 + 0*j. Let z(o) be the third derivative of i(o). What is z(-4)?
0
Let u(v) = v. Let g(d) = d - 6. Let a be g(7). Suppose -5*f - a = -26, -3*f + 12 = 3*q. Give u(q).
-1
Let q be 6/4*16/6. Let s(z) be the third derivative of 0 - 1/8*z**4 + 0*z + 3*z**2 + 1/60*z**5 - 5/6*z**3. Determine s(q).
-1
Let n(j) = -j. Let h(u) = 2*u + 2. Let l(g) = h(g) - n(g). Suppose -5*b - 12 = -3*b. Calculate l(b).
-16
Let r(j) = -j + 1. Let g be r(-4). Suppose b - 4*w = 20, 0*b + 4*b = -g*w - 25. Let u = b + -4. Let v(t) = t - 5. Calculate v(u).
-9
Let r = 3 - 1. Let f be ((-11)/33)/((-1)/(-3)). Let h(i) = 5*i**3 + 6*i**2 + 2*i - 6. Let b(n) = -n**3 - n**2 - n + 1. Let m(d) = f*h(d) - 4*b(d). Give m(r).
-10
Let t(z) be the second derivative of z**4/12 + z**3 + z**2 - 3*z. Calculate t(-6).
2
Let d = 23 + -26. Let f(u) = -2*u + 4. What is f(d)?
10
Suppose p = -5*y + 14, 2*p + 2*y = 5*y - 24. Let t = 4 + p. Let d(f) = f. Give d(t).
-2
Let v(d) be the third derivative of d**4/24 + d**3 - 2*d**2. Suppose -m - 4*m = 30. Give v(m).
0
Let n(m) be the third derivative of m**5/30 + 17*m**4/24 - 5*m**3/6 + 7*m**2. Let h(q) = -q**2 - 8*q + 2. Let d(p) = 9*h(p) + 4*n(p). Calculate d(-2).
2
Let y(w) be the first derivative of 2*w**4 - 8. Calculate y(-1).
-8
Let n(c) = -c**2 + 5*c. Let m be n(5). Let a(b) = 0*b + 4 - b + m*b. Let d be 0*((-1)